 = -z**3 - 14*z**2 + 17*z + 29. Let y be l(-15). Determine r(y).
2
Let q(i) be the first derivative of i**3/3 + 13*i**2/2 - 7*i + 66. Calculate q(-13).
-7
Let s(a) be the third derivative of a**6/120 + a**5/12 + a**4/6 + a**3/2 + a**2. Suppose -108 - 348 = 220*f - 16. Give s(f).
7
Let m(r) = -r**3 + 5*r + 4. Suppose -5*t + 0*t + 51 = -4*b, -t + 33 = -2*b. Let c = b + 16. Determine m(c).
16
Let l(d) = d**2 + 4*d + 7. Let w = 234 + -239. Determine l(w).
12
Let p(q) be the second derivative of -2*q**4/3 - q**3/6 - q**2 + q + 277. What is p(-1)?
-9
Let t(n) be the second derivative of -n**5/20 - n**4/3 + 4*n**3/3 + 7*n**2/2 + 39*n - 1. Give t(-5).
-8
Let p(d) = -4*d**3 + d**2 + d. Let u = -29 + 64. Let o = -36 + u. Give p(o).
4
Let f(x) be the third derivative of -x**6/120 - 4*x**5/15 + 17*x**4/24 - x**3/3 + 358*x**2. What is f(-17)?
-2
Let r(v) = 2*v + 6. Let j(m) = 3*m**2 - 34*m + 33. Let w be j(10). What is r(w)?
-8
Let q(r) = 3*r - 3. Let b(u) be the first derivative of u**3/3 - 4*u**2 + 9*u - 10. Let k be b(7). Calculate q(k).
3
Let v(c) = 3*c**2 - 8*c + 2. Let b be v(3). Let u(t) = b*t - 1 + 2 - 5 - t**2. Suppose -10 = -5*a - d + 11, -3*a = -3*d - 27. Determine u(a).
-4
Suppose -9*o = -835 + 853. Let z(l) be the third derivative of -l**5/60 + l**4/24 + l**3/6 - 2*l**2. Determine z(o).
-5
Let i be -2*(-2)/4 - -2. Let q(r) be the first derivative of -3/2*r**2 - 2*r + 1/3*r**3 - 10. Give q(i).
-2
Let a(x) = -x**3 - 3*x**2 - 2*x + 2. Let v be (2/(-4))/((-14)/448). Suppose v*i + 10 = 11*i. Calculate a(i).
2
Let m(a) be the third derivative of -1/60*a**5 - 1/8*a**4 - 1/3*a**3 + 0 + 0*a - a**2. Let n(b) = 8*b + 53. Let w be n(-7). Calculate m(w).
-2
Suppose 2*a + 2*a - 4 = 4*v, -4*v = 5*a - 32. Suppose 10 = v*s + 2*g - 3*g, 20 = 4*s - 3*g. Let z(c) = 3*c**s - 5*c**2 + 3*c**2 - 3*c - 4*c. What is z(6)?
-6
Let g = 4 + 2. Let s be (56/24)/(2/g). Let b(f) = -1 + 1 + f + f**2 - s*f. Give b(6).
0
Suppose 2*j + 2*v = v + 63, 4*v - 14 = -j. Let l(o) = o**2 - 31 + j - 4*o - 4*o. Let s = 4 - -2. Calculate l(s).
-9
Suppose -3*f + 3*m = 6, -9*m + 5*m = -3*f - 5. Let v(b) = -3*b**2 - 16*b - 10. Let r(g) = g**2 + 5*g + 3. Let w(h) = f*v(h) - 8*r(h). Give w(-7).
-1
Let w(n) = -5*n + 15*n - 18*n**2 + 4 + 9 + n**3 + 0*n + 6*n. Calculate w(17).
-4
Let v = -10 + 14. Let p(g) = -3 - 8*g - 1 + v. Calculate p(1).
-8
Let s(n) = -5*n**3 - 10*n**2 - 9*n + 2. Let g = -78 + 74. Let q(z) = -6*z**3 - 11*z**2 - 10*z + 1. Let b(r) = g*q(r) + 5*s(r). What is b(-5)?
6
Let z(c) = -c**2 + 6*c - 5. Let u(q) = -q**3 + 5*q**2 - 2*q + 7. Let r be u(5). Let w be (0 - r) + 3 + -2. Let b be z(w). Let d(p) = p**2 + p - 3. What is d(b)?
9
Let n(a) = 1 - 2*a + 3*a**2 + 3*a**2 + 0. Suppose 5*k + 20 = 6*k. Let b = -19 + k. Calculate n(b).
5
Let l(x) be the first derivative of x**4/24 - x**3/3 - 7*x**2 + 8. Let o(r) be the second derivative of l(r). Calculate o(6).
4
Let s = -19 + 16. Let h be (-56)/(-12)*s/2. Let k(f) = f**2 + 9*f - 9. Determine k(h).
-23
Let p(j) = -j**2 + 2*j + 7. Let k(w) = 8*w**2 - 3*w + 13*w + w - 13 - w**3. Let c be k(9). What is p(c)?
-8
Let z = -1 - 26. Let j = z + 33. Let b(l) = 2*l - 2. Determine b(j).
10
Let w(t) be the second derivative of -t**5/20 + t**4/2 - 7*t**3/6 + 4*t**2 - 12*t + 1. What is w(5)?
-2
Let w(q) = 395*q + 2760. Let k be w(-7). Let f(m) = 1 - 2 + 0. Let z(g) = g + 15. Let h(a) = -3*f(a) - z(a). What is h(k)?
-7
Let z be -4 + ((-3)/(-3))/(-1). Let c = z - -8. Suppose -5*i + 10 = -c*l, -l + 6 = -2*l + 3*i. Let o(n) = -n**2 - 1. Determine o(l).
-1
Let z(h) = 2*h - 4. Let r(d) = 11 - 4 - 8. Let u(x) = -6*r(x) + z(x). What is u(2)?
6
Let v(q) be the second derivative of 0 - 1/6*q**4 + 1/6*q**3 + q**2 - 6*q. Calculate v(3).
-13
Let a(z) = -5*z**2 + 18*z + 11. Let u(w) = -8*w**2 + 33*w + 21. Let q(c) = 7*a(c) - 4*u(c). Calculate q(-1).
-4
Let c(s) = 3*s + 5. Let d(y) = -9*y - 18. Let i(o) = 4*c(o) + d(o). Suppose 5*g = g - 8. Determine i(g).
-4
Let p(y) be the first derivative of y**2 + 4 + 0*y**3 - 3/4*y**4 + y. Determine p(-1).
2
Suppose -9 + 3 = 2*y. Let r(b) = 1115*b - 4469*b + 1113*b + 1121*b + 1119*b. Give r(y).
3
Suppose 7*k - 5*k = -12. Let c(q) = 4*q - 5. Let x(m) = -1. Let a(g) = k*x(g) + c(g). Let f be (1/(-1 - -2))/1. Calculate a(f).
5
Let v be -3 - (-3 + 0)/(-3). Let f(z) = -z**3 - 5*z**2 - 2*z + 8. What is f(v)?
0
Let x(s) = -5 - 2*s + 0*s + 4 + 3. Let q be (-4 + 1)*(-2)/(-3). Let u be 0/(q + 3) - -4. Determine x(u).
-6
Let f(a) = 9 + 6*a + 5*a**2 + 5*a**2 - 3*a**2 - 4 - 2*a**2 + a**3. Give f(-4).
-3
Let y(n) = n**2 - 6*n - 22. Let q be (-32)/(-8)*(-9)/(-4). Give y(q).
5
Suppose -5*j + 16 = -2*c, 0 = -101*j + 103*j + 3*c - 14. Let d(q) = 3 - 5 + q - 2. Give d(j).
0
Let j be (-5)/4 + 12/(-16). Let t be (-66)/(-30) - j/(-10). Let l(x) = 6 + 2*x**2 + 0*x**2 - t*x**2 - 6*x - x**2. Calculate l(-6).
6
Suppose 2*r + 5 + 29 = -5*b, 2*b = -3*r - 40. Let v(p) = -p - 8. Let g be v(r). Let x(a) = -15*a + 9*a - 8 + g - a**2. Calculate x(-4).
4
Let f(c) = -95*c**3 + 9 - 8*c - 3*c**2 - 1 + 96*c**3 + 11*c**2. Calculate f(-9).
-1
Let w be 1 + 1 + -5 - 32. Let u = w + 37. Let q(h) = h + 2*h - h. Give q(u).
4
Let s(t) = -4*t + 1. Suppose -13 + 5 = 4*y. Let g be ((1*-20)/2)/y. Suppose -3*i - 21 = -5*u, -g*i + 4*i + 1 = u. What is s(i)?
9
Let o(a) = 22*a - 107. Let j be o(5). Let c(f) = f - 7. Determine c(j).
-4
Let i(m) be the second derivative of -2*m**3/3 - 3*m**2/2 - 5*m + 7. Determine i(-3).
9
Let s(k) = -2*k + 3. Let o be (-15)/(-2)*(-184)/(-12). Suppose -4*q = 5*u + q + o, 0 = 3*q. Let g = u - -19. Give s(g).
11
Let g be -1*118 - (-4 + 6). Let q = g - -110. Let k(d) = d + 11. What is k(q)?
1
Let b = 9 + 7. Suppose 0 = -3*g + 2 + b. Let c(j) = -4*j + 1 - 4 - 2*j**2 - 1 + 3*j**2. Give c(g).
8
Let j(r) be the second derivative of -7*r**5/10 - r**4/6 - r**3/6 - 4*r + 5. Suppose -4*x + 4 - 8 = 0. Calculate j(x).
13
Let t(g) = -g**3 + 5*g**2 + 6. Let m be t(5). Let d(v) = -3*v - 6. Suppose -2*o + 4 + 10 = 0. Let l(b) = 4*b + 7. Let n(q) = m*l(q) + o*d(q). Give n(-2).
-6
Let h be (-116)/(-203)*70/4. Let o(w) = w + 11. Determine o(h).
21
Let q(l) = -l**2 - l - 6. Let o(y) = -9*y + 27. Let c be o(3). What is q(c)?
-6
Let p(r) = 2*r**2 - 6*r + 4. Let b(i) = -i**2 - 15*i + 130. Let n be b(6). What is p(n)?
12
Suppose 0 = -3*c + 8*c - 10. Suppose 0 = p - 4*q + 18, 0*q = 3*p + c*q - 2. Let m be (-8 - p)*(-3 - -4). Let k(s) = s**2 + 6*s. Give k(m).
0
Let i(c) = -2*c**2 + 13*c - 3. Let x be (6*39/104)/(3/8). Calculate i(x).
3
Let j(d) = -9*d - 1. Let p be j(-1). Let z = p - 10. Let i(a) = -a**2 - 2*a + 1. What is i(z)?
1
Let d(q) = -2*q**3 + 2*q**2 - 5*q - 4. Let k(l) = l**3 - 2*l**2 + 6*l + 5. Let o(v) = 5*d(v) + 4*k(v). What is o(1)?
-5
Let s(a) be the third derivative of -a**6/120 - 4*a**5/15 - 13*a**4/24 + 3*a**3/2 + 394*a**2. Determine s(-15).
-21
Suppose 17 = 5*z + 2. Let i(h) = 5*h + 4*h**2 + 6*h**2 - 9*h**2 - 2 - 2*h**2. Give i(z).
4
Let w(b) = 4*b**3 - 4*b**2 + 18*b - 18. Let l(m) = 3*m**3 - 2*m**2 + 16*m - 17. Let y(j) = 5*l(j) - 4*w(j). What is y(7)?
-6
Let m(t) = -t + 1. Let w be 0 + 1 + (4 - 1). Let r(y) = 4*y - 17 + 4*y**3 - y - 5*y**3 + 3*y**2 + 16. Let b be r(w). What is m(b)?
6
Let j(d) = -21*d**2 - 2. Let f(r) = -3*r**2 + 1. Let a(n) = f(n) + j(n). Give a(1).
-25
Let n(f) = -3*f**3 - f**2 - 1. Let i(z) = 16*z**3 + 7*z**2 - 2*z - 8. Let k(q) = i(q) + 5*n(q). Give k(0).
-13
Let i(p) = p**2 - 6*p + 3. Let j be i(2). Let g(n) be the second derivative of -7/2*n**2 + 1/2*n**3 + 1/20*n**5 + 1/2*n**4 - n + 0. What is g(j)?
3
Let u(z) = 19*z - 11. Let s(c) = -15*c + 12. Let l(i) = 5*s(i) + 4*u(i). Calculate l(-5).
11
Let z(b) be the third derivative of b**6/15 + b**5/60 + b**4/24 + b**3/6 - 2*b**2. Suppose -10 = -2*t + 26. Let y be (t/8)/(-9)*4. Determine z(y).
-7
Let r(y) = y**2 + y - 1. Let w(i) = -4*i**2 - 8*i + 4. Let o be w(3). Let j = o + 57. Calculate r(j).
1
Let y be -2 - (-279 + (-4 - -1)). Suppose -4*j = j + y. Let o be 16/j + (-38)/14. Let b(w) = w**3 + 3*w**2 - 3*w - 1. What is b(o)?
8
Let h(q) = -q - q - 2 + 3*q. Let s(i) = 5*i + 127. Let y be s(-26). Calculate h(y).
-5
Let t(p) = p**3 + 4*p**2 - 6*p + 2. Let w be t(-5). Let v(f) = 186*f - 5. Let r(h) = 159*h - 4. Let d(x) = 7*r(x) - 6*v(x). What is d(w)?
-19
Let n(m) = -2*m + 1. Let d = -13 -